{"id":3214,"date":"2025-03-06T18:35:55","date_gmt":"2025-03-06T18:35:55","guid":{"rendered":"https:\/\/ifff-server3.boku.ac.at\/wordpress\/?page_id=3214"},"modified":"2026-03-31T15:48:27","modified_gmt":"2026-03-31T15:48:27","slug":"startseite","status":"publish","type":"page","link":"https:\/\/ifff-server.boku.ac.at\/wordpress\/","title":{"rendered":"Startseite"},"content":{"rendered":"\t\t<div data-elementor-type=\"wp-page\" data-elementor-id=\"3214\" class=\"elementor elementor-3214\">\n\t\t\t\t<div class=\"elementor-element elementor-element-bbfe27c e-flex e-con-boxed e-con e-parent\" data-id=\"bbfe27c\" data-element_type=\"container\" data-e-type=\"container\">\n\t\t\t\t\t<div class=\"e-con-inner\">\n\t\t<div class=\"elementor-element elementor-element-dfb3a39 e-con-full e-flex e-con e-child\" data-id=\"dfb3a39\" data-element_type=\"container\" data-e-type=\"container\">\n\t\t\t\t<div class=\"elementor-element elementor-element-0a574bc elementor-widget elementor-widget-text-editor\" data-id=\"0a574bc\" data-element_type=\"widget\" data-e-type=\"widget\" data-widget_type=\"text-editor.default\">\n\t\t\t\t<div class=\"elementor-widget-container\">\n\t\t\t\t\t\t\t\t\t<p class=\"bodytext\">Die<b> Forschungsgruppe Risiko <\/b>des Instituts f\u00fcr Forstentomologie, Forstpathologie und Forstschutz, Department f\u00fcr \u00d6kosystemmanagement, Klima und Biodiversit\u00e4t , <span lang=\"EN-GB\">BOKU University<\/span>, Wien:<\/p><div class=\"indent\"><p class=\"bodytext\"><a class=\"external-link-new-window\" title=\"Opens external link in new window\" href=\"https:\/\/www.boku.ac.at\/personen\/person\/78DE652A5BC7F9FD\/\" target=\"_blank\" rel=\"noopener\">DI Dr. Peter Baier<\/a><\/p><p class=\"bodytext\"><a class=\"external-link-new-window\" title=\"Opens external link in new window\" href=\"https:\/\/www.boku.ac.at\/personen\/person\/8A1C346F4DBAFDDB\/\" target=\"_blank\" rel=\"noopener\">DI Dr. Sigrid Netherer<\/a><\/p><p><a class=\"external-link-new-window\" title=\"Opens external link in new window\" href=\"https:\/\/www.boku.ac.at\/personen\/person\/09582A31766F4CAB\/\" target=\"_blank\" rel=\"noopener\">Dr. Josef Pennerstorfer, MSc<\/a><\/p><p><a href=\"https:\/\/boku.ac.at\/personen\/person\/55330F078B7CFB5F\">Univ.-Prof. DI. Dr. Thomas Kirisits<\/a><\/p><p><a href=\"https:\/\/www.boku.ac.at\/en\/personen\/person\/97C0ADCD2C9DAFEC\/\">Univ.-Prof. i.R. Dr. Axel Schopf<\/a><\/p><\/div><p class=\"bodytext\">besch\u00e4ftigt sich mit der r\u00e4umlichen Analyse und der Modellierung der Pr\u00e4disposition (<a href=\"https:\/\/ifff-server3.boku.ac.at\/wordpress\/?page_id=2868&amp;lang=de\">PAS<\/a>) biotischer und abiotischer Schadfaktoren, dem Monitoring der Ph\u00e4nologie und der Entwicklung des Buchdruckers (<a href=\"https:\/\/ifff-server3.boku.ac.at\/wordpress\/?page_id=128&amp;lang=de\">PHENIPS Online Monitoring<\/a>) sowie der r\u00e4umlichen Modellierung von Trockenstress und Borkenk\u00e4ferbefall (<a href=\"https:\/\/ifff-server3.boku.ac.at\/wordpress\/?page_id=160\">PHENIPS-TDEF<\/a>).<\/p>\t\t\t\t\t\t\t\t<\/div>\n\t\t\t\t<\/div>\n\t\t\t\t<\/div>\n\t\t<div class=\"elementor-element elementor-element-7eccd96 e-con-full e-flex e-con e-child\" data-id=\"7eccd96\" data-element_type=\"container\" data-e-type=\"container\">\n\t\t\t\t<div class=\"elementor-element elementor-element-03dd033 elementor-widget elementor-widget-image\" data-id=\"03dd033\" data-element_type=\"widget\" data-e-type=\"widget\" data-widget_type=\"image.default\">\n\t\t\t\t<div class=\"elementor-widget-container\">\n\t\t\t\t\t\t\t\t\t\t\t\t\t\t\t<img fetchpriority=\"high\" decoding=\"async\" width=\"1024\" height=\"768\" src=\"https:\/\/ifff-server.boku.ac.at\/wordpress\/wp-content\/uploads\/2025\/03\/Hundsau2-1024x768-1.jpg\" class=\"attachment-large size-large wp-image-2915\" alt=\"\" \/>\t\t\t\t\t\t\t\t\t\t\t\t\t\t\t<\/div>\n\t\t\t\t<\/div>\n\t\t\t\t<div class=\"elementor-element elementor-element-03da0c8 elementor-widget elementor-widget-text-editor\" data-id=\"03da0c8\" data-element_type=\"widget\" data-e-type=\"widget\" data-widget_type=\"text-editor.default\">\n\t\t\t\t<div class=\"elementor-widget-container\">\n\t\t\t\t\t\t\t\t\t<p>Hundsau, Wildnisgebiet D\u00fcrrenstein, Austria (2012)<\/p>\t\t\t\t\t\t\t\t<\/div>\n\t\t\t\t<\/div>\n\t\t\t\t<div class=\"elementor-element elementor-element-2074956 elementor-widget elementor-widget-image\" data-id=\"2074956\" data-element_type=\"widget\" data-e-type=\"widget\" data-widget_type=\"image.default\">\n\t\t\t\t<div class=\"elementor-widget-container\">\n\t\t\t\t\t\t\t\t\t\t\t\t\t\t\t<img decoding=\"async\" width=\"1024\" height=\"768\" src=\"https:\/\/ifff-server.boku.ac.at\/wordpress\/wp-content\/uploads\/2018\/01\/IMG_2426.jpg\" class=\"attachment-large size-large wp-image-45\" alt=\"\" \/>\t\t\t\t\t\t\t\t\t\t\t\t\t\t\t<\/div>\n\t\t\t\t<\/div>\n\t\t\t\t<div class=\"elementor-element elementor-element-1d2da57 elementor-widget elementor-widget-text-editor\" data-id=\"1d2da57\" data-element_type=\"widget\" data-e-type=\"widget\" data-widget_type=\"text-editor.default\">\n\t\t\t\t<div class=\"elementor-widget-container\">\n\t\t\t\t\t\t\t\t\t<p>Nationalpark Hohe Tatra, Slowakei (2015)<\/p>\t\t\t\t\t\t\t\t<\/div>\n\t\t\t\t<\/div>\n\t\t\t\t<\/div>\n\t\t\t\t\t<\/div>\n\t\t\t\t<\/div>\n\t\t\t\t<\/div>\n\t\t","protected":false},"excerpt":{"rendered":"<p>Die Forschungsgruppe Risiko des Instituts f\u00fcr Forstentomologie, Forstpathologie und Forstschutz, Department f\u00fcr \u00d6kosystemmanagement, Klima und Biodiversit\u00e4t , BOKU University, Wien: [&hellip;]<\/p>\n","protected":false},"author":1,"featured_media":0,"parent":0,"menu_order":0,"comment_status":"closed","ping_status":"closed","template":"","meta":{"inline_featured_image":false,"site-sidebar-layout":"no-sidebar","site-content-layout":"","ast-site-content-layout":"full-width-container","site-content-style":"default","site-sidebar-style":"default","ast-global-header-display":"","ast-banner-title-visibility":"","ast-main-header-display":"","ast-hfb-above-header-display":"","ast-hfb-below-header-display":"","ast-hfb-mobile-header-display":"","site-post-title":"disabled","ast-breadcrumbs-content":"","ast-featured-img":"disabled","footer-sml-layout":"","theme-transparent-header-meta":"","adv-header-id-meta":"","stick-header-meta":"","header-above-stick-meta":"","header-main-stick-meta":"","header-below-stick-meta":"","astra-migrate-meta-layouts":"default","ast-page-background-enabled":"default","ast-page-background-meta":{"desktop":{"background-color":"var(--ast-global-color-5)","background-image":"","background-repeat":"repeat","background-position":"center center","background-size":"auto","background-attachment":"scroll","background-type":"","background-media":"","overlay-type":"","overlay-color":"","overlay-opacity":"","overlay-gradient":""},"tablet":{"background-color":"","background-image":"","background-repeat":"repeat","background-position":"center center","background-size":"auto","background-attachment":"scroll","background-type":"","background-media":"","overlay-type":"","overlay-color":"","overlay-opacity":"","overlay-gradient":""},"mobile":{"background-color":"","background-image":"","background-repeat":"repeat","background-position":"center center","background-size":"auto","background-attachment":"scroll","background-type":"","background-media":"","overlay-type":"","overlay-color":"","overlay-opacity":"","overlay-gradient":""}},"ast-content-background-meta":{"desktop":{"background-color":"var(--ast-global-color-4)","background-image":"","background-repeat":"repeat","background-position":"center center","background-size":"auto","background-attachment":"scroll","background-type":"","background-media":"","overlay-type":"","overlay-color":"","overlay-opacity":"","overlay-gradient":""},"tablet":{"background-color":"var(--ast-global-color-4)","background-image":"","background-repeat":"repeat","background-position":"center center","background-size":"auto","background-attachment":"scroll","background-type":"","background-media":"","overlay-type":"","overlay-color":"","overlay-opacity":"","overlay-gradient":""},"mobile":{"background-color":"var(--ast-global-color-4)","background-image":"","background-repeat":"repeat","background-position":"center center","background-size":"auto","background-attachment":"scroll","background-type":"","background-media":"","overlay-type":"","overlay-color":"","overlay-opacity":"","overlay-gradient":""}},"footnotes":""},"categories":[8],"tags":[],"class_list":["post-3214","page","type-page","status-publish","hentry","category-phenips-online-oesterreich"],"_links":{"self":[{"href":"https:\/\/ifff-server.boku.ac.at\/wordpress\/index.php?rest_route=\/wp\/v2\/pages\/3214","targetHints":{"allow":["GET"]}}],"collection":[{"href":"https:\/\/ifff-server.boku.ac.at\/wordpress\/index.php?rest_route=\/wp\/v2\/pages"}],"about":[{"href":"https:\/\/ifff-server.boku.ac.at\/wordpress\/index.php?rest_route=\/wp\/v2\/types\/page"}],"author":[{"embeddable":true,"href":"https:\/\/ifff-server.boku.ac.at\/wordpress\/index.php?rest_route=\/wp\/v2\/users\/1"}],"replies":[{"embeddable":true,"href":"https:\/\/ifff-server.boku.ac.at\/wordpress\/index.php?rest_route=%2Fwp%2Fv2%2Fcomments&post=3214"}],"version-history":[{"count":19,"href":"https:\/\/ifff-server.boku.ac.at\/wordpress\/index.php?rest_route=\/wp\/v2\/pages\/3214\/revisions"}],"predecessor-version":[{"id":4658,"href":"https:\/\/ifff-server.boku.ac.at\/wordpress\/index.php?rest_route=\/wp\/v2\/pages\/3214\/revisions\/4658"}],"wp:attachment":[{"href":"https:\/\/ifff-server.boku.ac.at\/wordpress\/index.php?rest_route=%2Fwp%2Fv2%2Fmedia&parent=3214"}],"wp:term":[{"taxonomy":"category","embeddable":true,"href":"https:\/\/ifff-server.boku.ac.at\/wordpress\/index.php?rest_route=%2Fwp%2Fv2%2Fcategories&post=3214"},{"taxonomy":"post_tag","embeddable":true,"href":"https:\/\/ifff-server.boku.ac.at\/wordpress\/index.php?rest_route=%2Fwp%2Fv2%2Ftags&post=3214"}],"curies":[{"name":"wp","href":"https:\/\/api.w.org\/{rel}","templated":true}]}}